culate the greatest common factor of q and a.
9
Suppose -h + 8 = -5*q, -11 = 2*h - q - 0*q. Suppose 4*d + w = d - 26, -4*d = -4*w + 24. Let c = h - d. What is the greatest common factor of 11 and c?
1
Let s(u) = 25*u - 3. Let v be s(9). Let y = -114 + v. Suppose 1 + 17 = o. Calculate the highest common factor of y and o.
18
Let x = -1483 + 1780. Calculate the highest common divisor of 108 and x.
27
Let u = -51 - -80. Suppose -h = 12 - u. Calculate the greatest common factor of h and 51.
17
Let g(x) = x**3 + 2*x**2 - 2*x + 9. Let v be g(3). Let j = v - -1. Calculate the highest common factor of j and 49.
49
Suppose 0 = 5*c + 30 - 65. Suppose -c*t = -41 + 13. Calculate the highest common factor of 8 and t.
4
Let v(z) = -z**2 - 6*z + 14. Let b be v(-6). Suppose -40 = -15*m + b*m. Calculate the greatest common divisor of m and 8.
8
Let d = 1486 - 1090. Calculate the greatest common factor of d and 495.
99
Let q be 325/30 - (-2)/12. Suppose 0 = -8*x + q*x - 243. Let m = x - 48. Calculate the highest common factor of 11 and m.
11
Let b(n) be the third derivative of -n**5/60 - 17*n**4/24 + 23*n**3/6 + 16*n**2. Let m be b(-17). Calculate the highest common factor of m and 161.
23
Let y(b) = 4*b**2 + 7*b + 5. Suppose -20 = 9*t - 5*t. Let u be y(t). Suppose -w - w = -u. What is the greatest common divisor of w and 5?
5
Let z = -80 - -125. Suppose 0 = 4*g - 2*j - 1258, 3*j = -g - 0*j + 318. Calculate the highest common factor of g and z.
45
Suppose 376 = r + 4*a, -2*a + 5*a + 1158 = 3*r. Calculate the greatest common factor of 288 and r.
96
Suppose 7*j + 59*j - 132 = 0. Calculate the greatest common divisor of j and 2.
2
Let q be -3*35*2 - 75/(-25). Let r be 27 + -23 - (q - -1). Calculate the greatest common factor of r and 42.
42
Let p(k) = 13*k + 23. Let g be p(0). Calculate the greatest common factor of g and 1.
1
Suppose -8*d + 227 = -285. Calculate the greatest common factor of d and 544.
32
Let b be 41/2 - 3/6. Suppose -4*y + 558 = -2*n, -y - 3*y + 557 = -3*n. Calculate the highest common factor of y and b.
20
Suppose 0 = -5*s + 950 - 75. Calculate the greatest common divisor of 5 and s.
5
Let a be (-370)/(-15) - 1 - 2/3. Calculate the highest common divisor of a and 69.
23
Let d(i) be the first derivative of -i**2/2 + 22*i + 2. Let j be d(10). Suppose -j*b + 165 = -7*b. Calculate the highest common divisor of b and 11.
11
Let c be (-86)/(-30) + 4/30. Let m = 0 + c. Let z be (-5)/15 + 25/m. Calculate the greatest common divisor of 40 and z.
8
Suppose k = -3*q + 1021, 4*k - 695 = 3*q + 3464. What is the greatest common divisor of k and 111?
37
Let l(i) = i**2 - 1. Let h be l(-3). Let r(d) = d + 1. Let j be r(h). Suppose -j = -3*g + 12. What is the highest common divisor of 7 and g?
7
Suppose 3*v - 1 = -q - q, 0 = -4*v + 2*q + 6. Suppose 0 = -4*z + v + 159. Calculate the highest common factor of z and 5.
5
Suppose 0 = 2*y - 2*w - 4006, 6013 = 3*y - 28*w + 23*w. What is the greatest common divisor of 29 and y?
29
Let s = -1319 - -1459. What is the greatest common factor of s and 224?
28
Suppose -28 = -4*o - 2*b + 10, -3*o = -5*b - 48. Let j = o - 1. Suppose 0 = -7*t + 270 + 220. Calculate the greatest common factor of j and t.
10
Let d(y) = y**2 - y - 25. Let t be d(7). What is the greatest common factor of 68 and t?
17
Let s = 132 + -69. Let q = 10597 + -10555. What is the greatest common factor of s and q?
21
Let k = -2446 - -2461. Calculate the greatest common factor of 960 and k.
15
Suppose -2*k - 4*k = -18. Suppose 2*r - 7*a + 2*a = 20, k*r + 5*a = 55. Calculate the highest common factor of 10 and r.
5
Suppose 3*i = i + 2*r, -5*i - 2*r = 21. Let z be 3*i*(-1 + 0). Calculate the greatest common divisor of z and 72.
9
Suppose 2*h = 1 + 3. Let s be ((-7)/(-21))/((-1)/(-12)). Calculate the greatest common divisor of s and h.
2
Let w be (-21)/(-14)*112/4. Calculate the greatest common factor of 42 and w.
42
Let y be 27/(-6)*(-24)/(-9). Let j be y/(-30) - 846/(-10). Suppose 5*a - 89 = 2*z, -2*a + 7*z - 2*z + 44 = 0. What is the greatest common divisor of a and j?
17
Let m = 305 - -500. Calculate the highest common factor of m and 70.
35
Suppose o - 10 = -4*d + 47, -2*d - 185 = -3*o. Suppose 5*c - o = -3*p + 41, 0 = 2*p + 5*c - 73. What is the highest common factor of 29 and p?
29
Let m be (-4)/(-14) + 36374/91. Let y = m + -252. Calculate the highest common factor of 37 and y.
37
Suppose -r + 5*g + 25 = 0, -5*g + g = -12. Calculate the highest common divisor of 260 and r.
20
Suppose 0 = y - d - 4, 0*d = -3*y + 5*d + 4. What is the highest common divisor of y and 30?
2
Let d = 10 + 0. Let x = -335 - -415. Calculate the highest common divisor of d and x.
10
Let a = 217 - 185. Calculate the greatest common factor of 176 and a.
16
Let r(s) = 4*s + 113. Let y be r(-22). Let n(c) = -c**2 - 8*c - 2. Let p be n(-6). Calculate the highest common factor of y and p.
5
Let i = 2 + 28. Calculate the highest common factor of 24 and i.
6
Let d(t) = 2*t + 7. Let y(u) = u + 20. Let a be y(-13). Let g be d(a). Let z be 91/g + (-2)/(-3). Calculate the greatest common factor of z and 25.
5
Let r be (-4)/((-2)/1*(-2)/(-4)). Suppose 4*c - 394 = -2*p, 2*c + 4*p = -0*c + 206. Let d be r/6 - c/(-3). Calculate the highest common divisor of d and 66.
33
Let a = -522 - -1032. Calculate the highest common divisor of 51 and a.
51
Let v = 111 - 97. Let c(g) = -g**3 + 6*g**2 - g + 3. Let w be c(5). Suppose -f - x + 11 = -2*x, 0 = f - 4*x - w. What is the highest common factor of v and f?
7
Let q be (-184)/(-6) - (-2)/(-3). Suppose 0 = 5*c - 0*c - 30. Suppose -c = -0*b - b. Calculate the greatest common divisor of q and b.
6
Suppose -9*y + 2 = -11*y, y + 1261 = 4*s. What is the greatest common divisor of s and 42?
21
Let y = -146 - -312. Let l = 285 - y. Let h = l + -63. Calculate the greatest common divisor of h and 84.
28
Suppose 2*n = d + 27, -n + 6 = 2*d - 10. What is the greatest common divisor of n and 98?
14
Suppose 4*k = 3*k + 4*n + 42, -5*n + 210 = 5*k. Suppose i = -5*g + 283, 0*i - 162 = -3*g + 2*i. Let m = -50 + g. Calculate the highest common factor of k and m.
6
Let w(o) be the third derivative of 0*o + 0 - 1/6*o**4 - 1/6*o**3 + 5*o**2. Let q be w(-4). What is the greatest common divisor of 5 and q?
5
Let n(k) = -k**3 - 3*k**2 + k + 4. Let q be n(-3). Let i = q - -1. Suppose -o + 37 = 2*a, 4*a = i*o + 49 + 37. Calculate the highest common factor of 4 and a.
4
Suppose 0 = 4*c + c - 15. Suppose c - 7 = -4*s. What is the greatest common factor of s and 9?
1
Suppose -3*q = -2*a + 49, 3*a + 5*q - 89 = a. Suppose -2*f = 2*f - 5*s - 32, -4*s - 40 = -5*f. Calculate the highest common factor of f and a.
8
Suppose -318 = -2*n - 2*j, -4*n + 5*j = 8*j - 637. Calculate the highest common factor of n and 20.
20
Let a = 813 + 308. Calculate the greatest common factor of 118 and a.
59
Let k be (0 + -6 - (27 - 23))*-1. What is the greatest common factor of 1010 and k?
10
Suppose -6*r + 20 - 8 = 0. Suppose 0*m - g + 222 = r*m, -218 = -2*m - 3*g. What is the greatest common divisor of m and 28?
28
Let p be 0/(10 + -6)*-1 - -630. What is the highest common divisor of p and 135?
45
Let x = -78 - -84. Let l(a) be the first derivative of a**4/4 - 4*a**3/3 + 2*a**2 - 4*a + 3. Let z be l(4). What is the highest common factor of z and x?
6
Let o = -26 - 46. Let v = 77 + o. What is the highest common factor of v and 2?
1
Let b(f) = f**3 - 10*f**2 + 7*f - 4. Suppose -2*k = 16 - 36. Let r be b(k). Let h = -4 + 15. Calculate the greatest common factor of h and r.
11
Let p = -16 + 44. Let f = -31 + 6. Let m = f + p. Calculate the greatest common factor of 3 and m.
3
Suppose -6*g + 39 = -87. Suppose 0 = 3*j - 33 - g. Calculate the greatest common factor of j and 72.
18
Let w = -622 + 662. Calculate the highest common divisor of w and 52.
4
Let g(n) be the third derivative of -7*n**4/24 - 4*n**3/3 + 19*n**2. Let m be g(-2). What is the greatest common divisor of m and 24?
6
Let r(c) = -c**3 + 3*c**2 + 4*c - 2. Let a be r(3). Suppose a*s + 32 = 12*s. Calculate the highest common divisor of 24 and s.
8
Suppose b + 0*d - 65 = -5*d, -4*b = -3*d - 191. What is the greatest common divisor of b and 5?
5
Let f be 15/(-5) + 5/(-1). Let t be (7 - 4)/((-2)/42). Let b be (f/12)/(2/t). What is the highest common